44 and 7618501.
11
Calculate the greatest common factor of 505 and 96935.
5
What is the highest common factor of 2871615 and 435?
15
What is the greatest common factor of 12132022 and 98?
14
Calculate the highest common divisor of 3346192 and 10471.
283
What is the highest common factor of 5868 and 2061?
9
Calculate the greatest common factor of 671 and 303699.
11
What is the highest common divisor of 7776 and 90756?
36
What is the greatest common divisor of 23323 and 439765?
281
What is the highest common divisor of 12031237 and 304?
19
Calculate the highest common factor of 38181780 and 49.
49
What is the greatest common divisor of 5284461 and 41223?
273
Calculate the greatest common factor of 2442490 and 620.
310
Calculate the greatest common factor of 218939221 and 205.
41
Calculate the highest common divisor of 4992 and 763741056.
4992
What is the highest common divisor of 8505 and 334075?
35
Calculate the greatest common factor of 28945 and 99070465.
4135
Calculate the greatest common factor of 15906 and 4698054.
1446
Calculate the greatest common divisor of 148 and 9484469.
37
What is the greatest common factor of 20955307 and 73?
73
What is the greatest common divisor of 1512791932 and 212?
212
What is the highest common divisor of 4722396 and 5508?
204
What is the highest common divisor of 2606 and 318836282?
2606
What is the greatest common divisor of 460388640 and 5?
5
Calculate the highest common divisor of 241880161 and 13852.
3463
What is the greatest common factor of 3380751 and 297?
297
Calculate the highest common divisor of 1734723 and 47.
47
What is the greatest common factor of 384150 and 68302?
26
Calculate the greatest common factor of 181297392 and 6.
6
What is the highest common divisor of 8 and 9557324?
4
Calculate the highest common divisor of 102 and 4447284.
6
What is the greatest common factor of 1561683 and 1869?
267
What is the greatest common divisor of 147641424 and 42?
42
Calculate the highest common divisor of 5388 and 145916.
4
What is the greatest common divisor of 13145712 and 106032?
2256
Calculate the greatest common divisor of 8036 and 40747.
7
Calculate the greatest common factor of 820745080 and 10960.
5480
Calculate the highest common divisor of 126 and 62418972.
42
Calculate the highest common factor of 65048297 and 194.
97
Calculate the greatest common divisor of 78 and 29331228.
6
Calculate the highest common factor of 131567324 and 17744.
4436
Calculate the greatest common divisor of 311815 and 154049.
413
Calculate the greatest common divisor of 73502 and 8030.
22
What is the greatest common divisor of 168331300 and 300?
100
What is the greatest common divisor of 21 and 162408057?
21
What is the greatest common divisor of 2831 and 40033?
19
Calculate the highest common factor of 521690925 and 11925.
3975
What is the highest common factor of 722 and 16873862?
722
Calculate the greatest common divisor of 1247 and 1645199.
29
Calculate the highest common factor of 14 and 20929496.
14
Calculate the highest common divisor of 13949142 and 47946.
786
Calculate the highest common factor of 850 and 5633290.
170
Calculate the greatest common factor of 3182 and 1217158.
86
Calculate the highest common factor of 81 and 18844668.
9
What is the greatest common factor of 778316759 and 11?
11
What is the greatest common divisor of 29168790 and 5?
5
Calculate the highest common divisor of 62845792 and 8.
8
Calculate the highest common factor of 41 and 16406068.
41
Calculate the greatest common factor of 104915228 and 726.
242
Calculate the highest common factor of 22154 and 35849.
11
What is the highest common divisor of 331803616 and 21376?
5344
Calculate the highest common divisor of 7493395 and 70.
35
What is the highest common factor of 3739113 and 13881?
21
Calculate the greatest common divisor of 24401636 and 42.
14
Calculate the greatest common divisor of 134739 and 2178.
99
What is the greatest common divisor of 1909917 and 298797?
411
Calculate the highest common divisor of 342069 and 627081.
273
What is the greatest common factor of 441456 and 23664?
816
What is the greatest common divisor of 40158 and 601956?
414
Calculate the highest common divisor of 8395 and 66097193.
1679
What is the highest common factor of 26482 and 330?
2
Calculate the greatest common divisor of 18477 and 60089257.
2053
What is the greatest common factor of 480 and 3856800?
480
Calculate the greatest common divisor of 34979249 and 116.
29
Calculate the highest common divisor of 8181 and 531279.
81
What is the greatest common factor of 68 and 82040963?
17
What is the highest common divisor of 11712940 and 12395?
335
What is the greatest common factor of 793 and 1928953?
13
What is the greatest common factor of 350198 and 118496?
1058
What is the highest common divisor of 95292 and 1315559?
2647
What is the greatest common divisor of 9405 and 626175?
495
Calculate the greatest common factor of 531750 and 2250.
750
What is the highest common divisor of 1636432 and 9937?
19
What is the greatest common divisor of 204 and 118028988?
12
Calculate the highest common divisor of 10765 and 57985.
5
Calculate the greatest common factor of 68106580 and 2110.
2110
What is the highest common divisor of 18578371 and 574?
287
Calculate the greatest common divisor of 71650953 and 594.
297
What is the greatest common divisor of 181362394 and 244?
122
What is the greatest common divisor of 3 and 767343471?
3
Calculate the greatest common factor of 16 and 217873152.
16
What is the greatest common factor of 164 and 17081789?
41
What is the greatest common divisor of 32 and 192131684?
4
Calculate the highest common divisor of 880270 and 55822.
4294
Calculate the highest common divisor of 138433030 and 3090.
1030
What is the highest common divisor of 1137 and 340704324?
1137
What is the greatest common factor of 164334204 and 108?
108
What is the highest common divisor of 33839 and 782249?
247
What is the highest common factor of 294 and 90481398?
42
Calculate the highest common factor of 2137959 and 1668.
417
Calculate the highest common factor of 3 and 1024983.
3
What is the highest common factor of 1114965 and 945?
135
What is the greatest common factor of 56 and 8706019?
7
Calculate the greatest common divisor of 363 and 3002241.
33
What is the greatest common divisor of 154878 and 64066?
622
What is the highest common divisor of 10179 and 645801?
1131
Calculate the highest common divisor of 1741218979 and 23.
23
What is the greatest common divisor of 102004864 and 520?
104
What is the highest common divisor of 5604547 and 692055?
2197
Calculate the highest common divisor of 1359761 and 52.
13
Calculate the highest common divisor of 2412 and 125446311.
603
What is the greatest common divisor of 1715394 and 2997?
111
What is the highest common divisor of 383801904 and 63?
9
What is the highest common factor of 8932014 and 196?
98
Calculate the highest common factor of 28 and 53612132.
28
What is the highest common divisor of 95 and 6242735?
95
What is the greatest common factor of 14948160 and 4600?
920
What is the highest common divisor of 1526 and 456270185?
763
What is the greatest common factor of 61888170 and 698?
698
What is the highest common factor of 7160 and 522220?
20
What is the greatest common factor of 18479005 and 115?
115
What is the greatest common factor of 8091 and 6579?
9
What is the greatest common factor of 99681 and 6389619?
669
Calculate the highest common divisor of 1813271 and 17.
17
Calculate the highest common divisor of 13376 and 14194752.
704
Calculate the greatest common divisor of 2435780 and 40.
20
Calculate the greatest common divisor of 6665 and 3925255.
215
Calculate the highest common divisor of 2237990 and 2512590.
13730
Calculate the greatest common factor of 4033 and 17901615.
109
Calculate the highest common divisor of 53505614 and 5322.
1774
Calculate the greatest common divisor of 119188 and 36188.
332
Calculate the highest common factor of 1292 and 44194342.
38
Calculate the greatest common divisor of 57907 and 374618.
79
Calculate the greatest common divisor of 407878 and 256327.
1871
What is the highest common divisor of 16515 and 176652?
9
Calculate the greatest common factor of 393 and 12519277.
